t r be z(4). Suppose 5*c - 2269 = -r. What are the prime factors of c?
2, 97
Let l = 10 - 20. Suppose 13*a + 26 = 247. Let h = a + l. What are the prime factors of h?
7
Suppose -4*k = 306*j - 310*j + 35608, 5*j = k + 44530. What are the prime factors of j?
3, 2969
Let b(m) = -242*m - 1. Let u be b(-1). Let r = 966 - u. What are the prime factors of r?
5, 29
Let p(s) = -2*s**3 + 17*s**2 + 31*s - 14. Let o be p(10). List the prime factors of (-159)/((-21)/o + (-36)/6).
2, 53
Let t(x) = 24*x**2 + 3*x + 3. Let r be t(-1). Let z = 27 - r. Suppose -4*p = z*w - 2*p - 329, 0 = -4*w - p + 437. What are the prime factors of w?
109
Let i(n) = -3*n**3 + 86*n**2 + 28*n - 34. What are the prime factors of i(28)?
2, 19, 61
Let l be 2 + 164*2/(-4)*-14. Suppose 8*g - l = 4010. What are the prime factors of g?
3, 5, 43
Suppose -2*o - 4788 = -8*o. Let z = o + -547. What are the prime factors of z?
251
Suppose 0 = 26*z - 52354 + 10780. Suppose -3*m + 3*r + z = 0, -m + 2*r + 137 = -401. List the prime factors of m.
2, 3, 11
Suppose -22*x - 276836 = -1723090 - 524286. What are the prime factors of x?
2, 5, 13, 53
Suppose -144 = 5*i - 999. Suppose -3*j + i = -a - 4*a, -5*a - 223 = -4*j. Suppose j = -16*r + 18*r. List the prime factors of r.
2, 13
Suppose -202*y = -69*y - 3117520. List the prime factors of y.
2, 5, 293
Let f(t) = 2*t**2 + 12*t + 20. Let g be f(-3). Suppose -g*z + 177 = -1041. List the prime factors of z.
3, 7, 29
Let i(x) = x**3 + 15*x**2 + 23*x + 20. Let q be i(-15). Let j = -683 - q. Let d = j + 540. What are the prime factors of d?
2, 7, 13
Let i be (-19 - -17)*(0 + -14). Suppose 22*u = 534 - i. List the prime factors of u.
23
What are the prime factors of 3/15*2395*(-24)/(6/(-3))?
2, 3, 479
Let o(n) = -6*n - 42. Let i be o(-6). Let d(a) = -a**3 + 9*a**2 + 42*a + 12. What are the prime factors of d(i)?
2, 3, 5
Let g(p) be the third derivative of -p**6/120 - 3*p**5/10 + p**4/8 - 19*p**3/2 - 2*p**2 - 82. What are the prime factors of g(-20)?
683
Let a(b) = 12*b**2 - b**3 - 4 - 12 - 4*b + 14. What are the prime factors of a(10)?
2, 79
Let s(i) = -4 + i - 5 + 14*i**2 - 8*i + 2*i**3. Let c be (-8 + 4)*(15/10 + 0). What are the prime factors of s(c)?
3, 5, 7
Let n be ((-6)/(-4))/((-19)/(-38)). Suppose -15 = -n*y, 2*y + 2709 = 4*j - y. Suppose 2*o + 3*s = 455, o + 2*o = -3*s + j. What are the prime factors of o?
2, 113
Suppose 5 = 3*o + 4*v - 16, -4*o - 3*v = -28. Suppose -537 + 1887 = 2*b. Suppose -2*w + o*w = b. List the prime factors of w.
3, 5
List the prime factors of (12/42 - (-229806)/112)/((-54)/(-432)).
16417
Let d be (176/5)/((-4)/340*-2). Suppose 4*g - t - 931 - 265 = 0, 5*g - t = d. Suppose 3*q + g = 7*q. List the prime factors of q.
3, 5
Suppose 1004 = -0*g + 4*g. Suppose -31*z = -9*z - 2486. Suppose 2*w = z + g. What are the prime factors of w?
2, 7, 13
Let g(b) = -94*b + 17196. List the prime factors of g(0).
2, 3, 1433
Let h(f) be the first derivative of f**4/4 + 20*f**3/3 + 31*f**2/2 - f + 1. Let m = -2135 - -2117. List the prime factors of h(m).
89
Let g = 5505 - 2300. List the prime factors of g.
5, 641
Let f(t) = t**2 - 4*t. Let y = -57 - -63. Let o be f(y). Let p = o + 22. What are the prime factors of p?
2, 17
Let f = -243 - -243. Suppose 5*q - 13*z + 15*z = 1815, f = 2*q - 4*z - 702. What are the prime factors of q?
19
Suppose 0 = 20*j - 18606 - 29494. List the prime factors of j.
5, 13, 37
Suppose 3*i + 0*o + 5*o - 38982 = 0, 32*o = 33*o. List the prime factors of i.
2, 73, 89
Let m be -9 + (-6 - -11) - -11. Suppose 17*u = m*u + 7980. What are the prime factors of u?
2, 3, 7, 19
Suppose -50*g = -c - 54*g + 10906, -10864 = -c + 2*g. List the prime factors of c.
2, 3, 7, 37
Suppose -2*t = -5*m + 28620, 3*m + 0*t + t = 17161. List the prime factors of m.
2, 2861
Let r = 117 - -47. Let a(j) = 4*j - 2. Let q be a(3). Let u = r + q. List the prime factors of u.
2, 3, 29
Let h be (1 + -2)/1*(-8 - -4). What are the prime factors of (-707)/((12 - h)/(-8))?
7, 101
Suppose -27*c - 16*c + 89584 = -21*c. List the prime factors of c.
2, 509
Let l be -10*1/(-10)*(-5 - -1). What are the prime factors of (19935/35)/9 + l/14?
3, 7
Let c = -3450 - -14392. List the prime factors of c.
2, 5471
Suppose 53*d - 55*d + 4908 = 0. Suppose -4*h + 484 = n, -3*h = -7*n + 12*n - d. List the prime factors of n.
2, 3, 41
List the prime factors of (-8)/(-28) - 153944/(-49).
2, 1571
Suppose -i + 3512 + 2341 = 2*i. List the prime factors of i.
1951
Suppose -2*r = r - 177. Let p = -1021 + 1023. Suppose x + r = p*x. List the prime factors of x.
59
Let n be (-6 + 2)/((-407)/33 + 13). List the prime factors of 2712/2 + n + (-2 - 4).
2, 3, 7
Let d = -419 - -509. Suppose -d*m + 2097 = -87*m. What are the prime factors of m?
3, 233
Let u(v) = -231*v - 60. Let n = 479 - 484. What are the prime factors of u(n)?
3, 5, 73
Let d(f) = f**3 - 17*f**2 + 15*f + 11. Let c be d(16). Let w = 13 + c. Suppose 0 = -5*y + 5*t, -w = -2*y + y - t. List the prime factors of y.
2
Let o be (-3 - (-22)/5) + (-3)/(-5). Suppose o*z + 15 = -z, -2*u - 2*z = -840. What are the prime factors of u?
5, 17
Let v = 5 + -4. Suppose 10*l = 15*l + 2*m - 131, 2*l - 47 = m. What are the prime factors of 10/l*5*v?
2
Let p = -558 + -12774. What are the prime factors of (2/(-6))/(22/p)?
2, 101
Let v = -32 + 36. Suppose -6*k = -v*k - 50. Suppose 27*r - k*r - 46 = 0. What are the prime factors of r?
23
Suppose 102*s - 1365006 = 1486914. List the prime factors of s.
2, 3, 5, 233
Let x(o) = -o**3 + 82*o**2 + 577*o + 296. What are the prime factors of x(88)?
2, 3
Let r = 8480 - 1882. What are the prime factors of r?
2, 3299
Suppose 2*a - 2*v = -120, 2*v = -5*a + 5*v - 308. List the prime factors of a/160 - 3517/(-5).
19, 37
Let p(t) = -11 + 17*t**3 + 4*t**2 - 2*t + 13*t**3 - 38*t**3. Let u be p(-3). Suppose -167 = -9*q + u. What are the prime factors of q?
2, 23
Suppose -8064 = -5*l + 32546. Suppose 22*a = 27*a + o - 8118, 0 = -5*a + o + l. List the prime factors of a.
2, 7, 29
Suppose 198543 = 5*g + 4*c, 158824 = 4*g + 1144*c - 1146*c. What are the prime factors of g?
59, 673
Let m be (2 + 0)/(9 + -7) - 3. Let i be (m - 2 - -4)*(-2)/4. Suppose i = -31*l + 33*l - 32. What are the prime factors of l?
2
Let p = -36 + 37. Suppose 2*d + 2*d - 5*l - p = 0, 3*d + 5*l = 27. List the prime factors of 3 + d/(-8)*-36.
3, 7
Let j = -276 - -35695. What are the prime factors of j?
35419
Let v = -23 + 101. Let b = 121 - v. Suppose -2*a - b = -3*o, 0*o - 2*o = 5*a - 35. What are the prime factors of o?
3, 5
Suppose -20 + 80 = -4*q. Let u be (36/10)/(-3) + (-3)/q. What are the prime factors of (u - 41)/((-1)/1)?
2, 3, 7
Let d be 1/((-1)/153*3). Let v be 6/d + 46110/51. Suppose 712 + v = 8*b. What are the prime factors of b?
2, 101
Suppose -47*j - 2*a - 3528 = -49*j, -7036 = -4*j - a. List the prime factors of j.
2, 5, 11
Suppose 0 = 14*j - 11*j - 84. Let g be (-7)/j - (-2)/8*9. Suppose g*m = -0*m + 68. List the prime factors of m.
2, 17
List the prime factors of (-1)/4 + 798770/168 + 12/(-9).
7, 97
Let m(f) = 3717*f + 85. Let v(w) = 929*w + 21. Let s(g) = 2*m(g) - 9*v(g). Let n be s(5). List the prime factors of n/(-34) - 4/(-34).
137
Let j(i) = 10*i**3 - 39*i**3 + 5*i**2 - 36*i + 35 + 20*i**3 + 10*i**3. What are the prime factors of j(8)?
3, 193
Let a = 272 - 423. Let w = 72 - a. What are the prime factors of w?
223
Let u = 33 - 31. Let i(b) = -b**3 + 3*b**2 - b + 1. Let j be i(u). List the prime factors of -4 + (j - (-8 - 0)).
7
Suppose 0 = -10*x + 128743 - 363. List the prime factors of x.
2, 7, 131
Suppose -745*x + 737*x = 2*u - 290428, -3*u = -x + 36284. What are the prime factors of x?
2, 7, 2593
Let d(y) = 19 - 18 - 71*y - 19*y - 2*y. Suppose q - 3 = n - 9, 13 = 2*q + 3*n. What are the prime factors of d(q)?
3, 31
Let q = -60 + 94. Suppose 5*y + q = 139. List the prime factors of y.
3, 7
Let y(q) = q**3 - 26*q**2 + 24*q - 2164. What are the prime factors of y(51)?
5, 7, 1831
Let s be (7 + -3 - 12)/(1/5). Let x be (-11385)/s - (-12)/32. Let j = x - 12. List the prime factors of j.
3, 7, 13
Let x be (9 + -5)*(-3)/(-2). Suppose 30 = x*y - 15306. List the prime factors of (2/(-6))/((-6)/y) - -3.
5, 29
Suppose -6*q + 2*q = 3*q - 138145. What are the prime factors of q?
5, 3947
Let m(z) = -10*z - 54. Let f = 8 - 17. What are t